ed by 2380/714*(2 + -1 + 155/10).
53
Suppose 3*h + 4*d - 82 + 47 = 0, -2*d = -5*h + 15. Let n = -29 + 42. Calculate the remainder when n is divided by h.
3
Let m(c) = -2*c**2 - 37*c - 18. Let v = -536 + 519. Calculate the remainder when 58 is divided by m(v).
25
Suppose 0 = 5*n + 3*f - 167, 118*n - 4*f = 120*n - 64. Calculate the remainder when 3195 is divided by n.
33
Let p = 33 - 3. Suppose 4*w + 750 = -2*w. Let q = w + 244. What is the remainder when q is divided by p?
29
Let f = -381 + 401. Suppose -32*c + 3224 = f*c. What is the remainder when c is divided by 43?
19
Let m = 539 - 480. Let v = m + -49. Calculate the remainder when 28 is divided by v.
8
Suppose 2*o - 269 = -3*h + 16, 3*o = -3*h + 279. What is the remainder when h is divided by 20?
19
Let p be 6/(3/18*4). What is the remainder when -1*6*15/(-10) is divided by p - (3 - (3 + -3))?
3
Let x = -1400 + 1470. What is the remainder when 170 is divided by x?
30
Suppose 5863*k - 15912 = 5827*k. What is the remainder when k is divided by 139?
25
Let k = -184 - -170. What is the remainder when 3328/112 - 4/k is divided by 15?
0
Suppose 23 = 4*j + 11. Suppose y = -j + 45. Suppose 9*h = -7*h + 288. Calculate the remainder when y is divided by h.
6
Let r = 77 - 53. Let q = 26961 - 26829. What is the remainder when q is divided by r?
12
Suppose 0 = -7*t + 2*t + 70. Let i be ((-2)/(-6))/((-413)/(-210) - 2). Calculate the remainder when 5*(-2 - 62/i) is divided by t.
7
Let j = 14704 + -13819. Calculate the remainder when j is divided by 70.
45
Calculate the remainder when (-72)/(-54)*11145/20 is divided by 49.
8
What is the remainder when 306 is divided by 28/(-105)*(-603)/2 + 116/(-290)?
66
Let h(v) = -41*v - 17. Let n be h(-1). Let j(k) = 2*k - 4. Let y be j(3). Let o = n + y. Calculate the remainder when 50 is divided by o.
24
Let u(t) = -t**3 - 23*t**2 + 21*t - 16. Let s = 12 + -7. Suppose -s*w - 15 = 0, 0 = 4*r - 3*r - w - 18. Calculate the remainder when u(-24) is divided by r.
11
Suppose 0 = 2*o - 14, 86*o - 199 = -3*w + 91*o. Suppose -5*s + 6*s - d = 6, -s = d. What is the remainder when w is divided by s?
0
Suppose 66 = -8*y + 298. Calculate the remainder when (-1)/(-2) + (-5660)/(-40) is divided by y.
26
Let q = 14129 - 2223. Calculate the remainder when q is divided by 46.
38
Suppose 2*l - 14 = -2*s, s = 4*l - 1 - 12. Suppose -5 = -s*t + 106. Calculate the remainder when t is divided by 20.
17
Suppose 141*x - 166*x + 96*x = 18389. Calculate the remainder when x is divided by 3*3/((-9)/(-67)).
58
Let v(z) = -z**3 - 8*z**2 - 18*z + 8. Let k be v(-6). What is the remainder when 4/2*2046/k is divided by 19?
17
Let g = -5503 - -5642. What is the remainder when g is divided by 85?
54
Suppose -632 - 717 = -124*g + 759. What is the remainder when 13*9 + 3 + -2 is divided by g?
16
Suppose 35 = -5*d + 10*d. Let t be 6/(-11)*d - (-136)/(-748). What is the remainder when ((-4152)/(-52) - -4) + t/(-26) is divided by 29?
26
Let f = -3549 + 4968. Calculate the remainder when f is divided by 28.
19
Let v = -182 + 189. What is the remainder when (v/5)/((8 - 10)/(-130)) is divided by 20?
11
Suppose 0*q + 2*q = -18. Calculate the remainder when 12 is divided by 2 + 5 - (6 + q - -7).
0
Let f(s) = 9*s - 22. Suppose -3*l - 5*p = -20, 5*l - 4*p - 18 = 4*l. Calculate the remainder when f(4) is divided by l.
4
Let n(x) = -171*x**3 - 7*x**2 + 44*x + 106. Calculate the remainder when n(-2) is divided by 171.
161
Let p = 207 + -195. Suppose -1308 - 3852 = -p*l. What is the remainder when l is divided by 8?
6
Let f(b) = 8*b - 95. Suppose -4*k + 20 = -32. What is the remainder when 44 is divided by f(k)?
8
Let x(q) be the third derivative of 3*q**5/20 + q**4/12 - 4*q**3/3 + 9*q**2 + 2. What is the remainder when x(5) is divided by 12?
11
Let b = -3051 - -4378. Suppose 0 = 5*t + 1252 - b. Let l(p) = -p**3 + 8*p**2 + p + 3. What is the remainder when l(7) is divided by t?
14
Let p(q) = 7*q + 5 - 6*q - 6. Let w(s) = 3*s + 2. Let b(z) = -4*p(z) + w(z). What is the remainder when 36 is divided by b(-5)?
3
Let x = -15140 + 15153. Let b = -2 + -1. Let g(y) = -y**2 - 3*y + 3. What is the remainder when x is divided by g(b)?
1
Suppose 5*t - 7*t = t. Suppose t = 4*b + 3*u - 6*u - 1780, 3*u + 436 = b. What is the remainder when b is divided by 5?
3
Suppose -15 = 8*i + 89. Let d be (130/60)/(-2 - i/6). Let z = d + 65. Calculate the remainder when z is divided by 20.
18
Suppose 0 = -9*o + 4*o - 25, -22 = -3*a + 2*o. What is the remainder when a*(-1 - 30/(-24))*55 is divided by 32?
23
Let v = 268 + -270. Calculate the remainder when ((-63)/(-105))/(v/(-410)) is divided by 26.
19
What is the remainder when (-20604)/(-45) - (-12)/90 is divided by (-1 + 1)*10/10 - -27?
26
Let g be 4/28 + (-19)/14*-8. Suppose 21 = g*s - 12. Calculate the remainder when 94 is divided by (1 - -1*20) + 9/s.
22
Let u be 2/(-3*(-2)/27). Suppose -5*n + 387 = 2*q, 4*n + 11*q - 310 = u*q. What is the remainder when n is divided by 5?
2
Let d(s) = -41*s**2 + 85*s + 4. Let n be d(5). Let l = n - -632. Calculate the remainder when l is divided by 24.
12
Let a(m) = -7*m - 68. Let j be a(-10). Suppose -182 = -2*b - j*d, -d - 3*d = b - 100. Calculate the remainder when b is divided by (-91)/(-4) - 1/(-4).
19
Suppose 3*m = -6*m + 3870. Let n(f) = 237*f + 3097. What is the remainder when m is divided by n(-13)?
14
Let p(r) = -r**3 - 16*r**2 + r + 249. Calculate the remainder when 3021 is divided by p(-15).
6
Let i = 4 - -4. Suppose 21*b = 20*b - x + 176, 534 = 3*b + 5*x. What is the remainder when b is divided by i?
5
Suppose 0 = 2*a + 2*p - 6, a = 4*a + 5*p - 11. Suppose -5*b = -5*x + 175, a*x + 70 = 4*x + 5*b. Calculate the remainder when 51 is divided by x.
16
Suppose 48 = 80*w - 79*w - 3*h, -5*h = -6*w + 366. What is the remainder when 97 is divided by w?
31
Let g be ((-72)/(-54))/((-4)/(-426)). Suppose -g = -3*s - 2*a - 38, -2*a = -3*s + 88. What is the remainder when 20/190 + 14508/76 is divided by s?
31
Suppose 70*v - 1758 = 35*v + 29*v. Calculate the remainder when v is divided by 8.
5
Suppose 0 = 2*c + 3*m - 16581, 5*c = m + 14514 + 26947. Calculate the remainder when c is divided by 143.
141
Suppose 2644*x + w = 2648*x - 3947, -3956 = -4*x + 4*w. Calculate the remainder when x is divided by 9.
5
Suppose -186*c + 189*c = 3*j + 168, -68 = -c - 5*j. What is the remainder when 733 is divided by c?
37
Let n be 2/(-4) + 14665/70. Let l = -435 - -297. Let o = n + l. What is the remainder when o is divided by 24?
23
Let a(d) = -20*d**2 - 159*d + 23. What is the remainder when 1053 is divided by a(-8)?
3
Let k(g) = 7*g**3 + 317*g**2 + 393*g - 7. Calculate the remainder when 1065 is divided by k(-44).
65
Let r(x) be the third derivative of x**6/120 + x**5/60 - x**4/24 + 439*x**3/6 + 4*x**2 - 7*x. Calculate the remainder when r(0) is divided by 40.
39
Let c = 417 + -358. Suppose 5*z - 2*m = 78, 0 = -5*z - 3*m + 73 - 15. Let j = z + 1. Calculate the remainder when c is divided by j.
14
Suppose 10*f - 12*f + 4*r - 82 = 0, -111 = 3*f - 2*r. Calculate the remainder when 58/10 + (-7)/f is divided by 5.
1
Let u = -89294 + 89305. Suppose b + 20 = -3*b. Calculate the remainder when b/(10/(-104))*1 is divided by u.
8
Suppose -2*q = -18 - 20. Suppose -4*s + 40 = 4*k, k - 21 = 5*s + q. Let z(a) = 4*a + 193. What is the remainder when z(-26) is divided by k?
14
Calculate the remainder when 4/6*(9 + 153) + (-4 - -5) is divided by 40.
29
Let a = 159 - 67. Suppose 5*k = 4*k - 6. What is the remainder when a is divided by k*(-6)/9*4?
12
Suppose 0 = w - 7 - 3. Let t = 20 + -27. Let p = 25 + t. Calculate the remainder when p is divided by w.
8
Let j(g) = -g**3 - 2*g**2 - g + 7. Suppose f = -2*f + 6. Suppose 0 = -4*l + 3*i + 44, f*l - l - i - 11 = 0. Calculate the remainder when j(-3) is divided by l.
8
Suppose -117482 = -5*o - z + 805, 0 = 4*o + 4*z - 94604. Calculate the remainder when o is divided by 11.
9
Let n(z) = 14*z. Suppose 3*d = -9*v + 6*v + 558, 396 = 2*v + 5*d. What is the remainder when v is divided by n(1)?
10
Let f = -53445 - -53498. Let z(s) = -4*s - 3. Calculate the remainder when f is divided by z(-7).
3
Suppose 0 = -4*i + f + 271, 3*i - 113 - 92 = -f. Let h be (-4 + 1)/(6/i). Let p = 87 + h. Calculate the remainder when 317 is divided by p.
52
What is the 